{"id":94,"date":"2021-12-12T05:33:24","date_gmt":"2021-12-12T04:33:24","guid":{"rendered":"https:\/\/demosites.royal-elementor-addons.com\/construction-v1\/?page_id=94"},"modified":"2024-07-22T13:15:16","modified_gmt":"2024-07-22T13:15:16","slug":"apropos","status":"publish","type":"page","link":"https:\/\/djolibaenvironnement.org\/index.php\/apropos\/","title":{"rendered":"A propos"},"content":{"rendered":"\t\t<div data-elementor-type=\"wp-page\" data-elementor-id=\"94\" class=\"elementor elementor-94\">\n\t\t\t\t<div class=\"elementor-element elementor-element-e3ac32b e-flex e-con-boxed wpr-particle-no wpr-jarallax-no wpr-parallax-no wpr-sticky-section-no wpr-equal-height-no e-con e-parent\" data-id=\"e3ac32b\" data-element_type=\"container\" data-e-type=\"container\" data-settings=\"{&quot;background_background&quot;:&quot;classic&quot;}\">\n\t\t\t\t\t<div class=\"e-con-inner\">\n\t\t<div class=\"elementor-element elementor-element-0f5cb9a e-con-full e-flex wpr-particle-no wpr-jarallax-no wpr-parallax-no wpr-sticky-section-no wpr-equal-height-no e-con e-child\" data-id=\"0f5cb9a\" data-element_type=\"container\" data-e-type=\"container\">\n\t\t\t\t<div class=\"elementor-element elementor-element-6ca7222 elementor-widget elementor-widget-heading\" data-id=\"6ca7222\" data-element_type=\"widget\" data-e-type=\"widget\" data-widget_type=\"heading.default\">\n\t\t\t\t<div class=\"elementor-widget-container\">\n\t\t\t\t\t<h2 class=\"elementor-heading-title elementor-size-default\">Qui sommes Nous <\/h2>\t\t\t\t<\/div>\n\t\t\t\t<\/div>\n\t\t\t\t<\/div>\n\t\t\t\t\t<\/div>\n\t\t\t\t<\/div>\n\t\t\t\t<section class=\"elementor-section elementor-top-section elementor-element elementor-element-daa9dc5 elementor-section-boxed elementor-section-height-default elementor-section-height-default wpr-particle-no wpr-jarallax-no wpr-parallax-no wpr-sticky-section-no wpr-equal-height-no\" data-id=\"daa9dc5\" data-element_type=\"section\" data-e-type=\"section\" data-settings=\"{&quot;background_background&quot;:&quot;classic&quot;}\">\n\t\t\t\t\t\t<div class=\"elementor-container elementor-column-gap-default\">\n\t\t\t\t\t<div class=\"elementor-column elementor-col-50 elementor-top-column elementor-element elementor-element-98a2f88\" data-id=\"98a2f88\" data-element_type=\"column\" data-e-type=\"column\">\n\t\t\t<div class=\"elementor-widget-wrap elementor-element-populated\">\n\t\t\t\t\t\t<div class=\"elementor-element elementor-element-e453e24 elementor-widget elementor-widget-heading\" data-id=\"e453e24\" data-element_type=\"widget\" data-e-type=\"widget\" data-widget_type=\"heading.default\">\n\t\t\t\t<div class=\"elementor-widget-container\">\n\t\t\t\t\t<h3 class=\"elementor-heading-title elementor-size-default\">Djoliba Environnement<\/h3>\t\t\t\t<\/div>\n\t\t\t\t<\/div>\n\t\t\t\t<div class=\"elementor-element elementor-element-92d2d65 elementor-widget elementor-widget-text-editor\" data-id=\"92d2d65\" data-element_type=\"widget\" data-e-type=\"widget\" data-widget_type=\"text-editor.default\">\n\t\t\t\t<div class=\"elementor-widget-container\">\n\t\t\t\t\t\t\t\t\t<p>Nous sommes une organisation non gouvernementale engag\u00e9e dans la lutte contre la d\u00e9sertification et la promotion du d\u00e9veloppement durable dans la r\u00e9gion de Mopti, au Mali. Depuis notre cr\u00e9ation, nous avons travaill\u00e9 main dans la main avec les communaut\u00e9s locales pour cr\u00e9er un avenir plus vert et plus r\u00e9silient.<\/p>\t\t\t\t\t\t\t\t<\/div>\n\t\t\t\t<\/div>\n\t\t\t\t\t<\/div>\n\t\t<\/div>\n\t\t\t\t<div class=\"elementor-column elementor-col-50 elementor-top-column elementor-element elementor-element-82af65c\" data-id=\"82af65c\" data-element_type=\"column\" data-e-type=\"column\">\n\t\t\t<div class=\"elementor-widget-wrap elementor-element-populated\">\n\t\t\t\t\t\t<div class=\"elementor-element elementor-element-a7bdf1a elementor-widget elementor-widget-image\" data-id=\"a7bdf1a\" data-element_type=\"widget\" data-e-type=\"widget\" data-widget_type=\"image.default\">\n\t\t\t\t<div class=\"elementor-widget-container\">\n\t\t\t\t\t\t\t\t\t\t\t\t\t\t\t<img fetchpriority=\"high\" decoding=\"async\" width=\"432\" height=\"243\" src=\"https:\/\/djolibaenvironnement.org\/wp-content\/uploads\/2024\/07\/femme-qui-plante.jpg\" class=\"attachment-large size-large wp-image-1027\" alt=\"\" srcset=\"https:\/\/djolibaenvironnement.org\/wp-content\/uploads\/2024\/07\/femme-qui-plante.jpg 432w, https:\/\/djolibaenvironnement.org\/wp-content\/uploads\/2024\/07\/femme-qui-plante-300x169.jpg 300w\" sizes=\"(max-width: 432px) 100vw, 432px\" \/>\t\t\t\t\t\t\t\t\t\t\t\t\t\t\t<\/div>\n\t\t\t\t<\/div>\n\t\t\t\t<div class=\"elementor-element elementor-element-fdd6a5b elementor-widget__width-initial elementor-absolute elementor-hidden-tablet elementor-hidden-mobile elementor-widget-divider--view-line elementor-widget elementor-widget-divider\" data-id=\"fdd6a5b\" data-element_type=\"widget\" data-e-type=\"widget\" data-settings=\"{&quot;_position&quot;:&quot;absolute&quot;}\" data-widget_type=\"divider.default\">\n\t\t\t\t<div class=\"elementor-widget-container\">\n\t\t\t\t\t\t\t<div class=\"elementor-divider\">\n\t\t\t<span class=\"elementor-divider-separator\">\n\t\t\t\t\t\t<\/span>\n\t\t<\/div>\n\t\t\t\t\t\t<\/div>\n\t\t\t\t<\/div>\n\t\t\t\t\t<\/div>\n\t\t<\/div>\n\t\t\t\t\t<\/div>\n\t\t<\/section>\n\t\t<div class=\"elementor-element elementor-element-4d014b4 e-flex e-con-boxed wpr-particle-no wpr-jarallax-no wpr-parallax-no wpr-sticky-section-no wpr-equal-height-no e-con e-parent\" data-id=\"4d014b4\" data-element_type=\"container\" data-e-type=\"container\" data-settings=\"{&quot;background_background&quot;:&quot;classic&quot;}\">\n\t\t\t\t\t<div class=\"e-con-inner\">\n\t\t\t\t<div class=\"elementor-element elementor-element-9819af6 elementor-widget elementor-widget-heading\" data-id=\"9819af6\" data-element_type=\"widget\" data-e-type=\"widget\" data-widget_type=\"heading.default\">\n\t\t\t\t<div class=\"elementor-widget-container\">\n\t\t\t\t\t<h2 class=\"elementor-heading-title elementor-size-default\">Historique de Djoliba Environnement<\/h2>\t\t\t\t<\/div>\n\t\t\t\t<\/div>\n\t\t\t\t<div class=\"elementor-element elementor-element-74c1949 elementor-widget elementor-widget-text-editor\" data-id=\"74c1949\" data-element_type=\"widget\" data-e-type=\"widget\" data-widget_type=\"text-editor.default\">\n\t\t\t\t<div class=\"elementor-widget-container\">\n\t\t\t\t\t\t\t\t\t<p>D\u00e9couvrez les \u00e9tapes cl\u00e9s de la transformation et de l&rsquo;\u00e9volution de Djoliba Environnement<\/p>\t\t\t\t\t\t\t\t<\/div>\n\t\t\t\t<\/div>\n\t\t\t\t<div class=\"elementor-element elementor-element-f176510 wpr-list-style-none elementor-widget elementor-widget-wpr-posts-timeline\" data-id=\"f176510\" data-element_type=\"widget\" data-e-type=\"widget\" data-settings=\"{&quot;animation_offset&quot;:150,&quot;aos_animation_duration&quot;:600}\" data-widget_type=\"wpr-posts-timeline.default\">\n\t\t\t\t<div class=\"elementor-widget-container\">\n\t\t\t\t\t\n\t\t<div class=\"wpr-wrapper wpr-vertical wpr-centered\">\n\t\t\t<div class=\"wpr-timeline-centered wpr-line wpr-both-sided-timeline\"><div class=\"wpr-middle-line\"><\/div><div class=\"wpr-timeline-fill\" data-layout=\"centered\"><\/div><span class=\"wpr-year-wrap\"><span class=\"wpr-year-label wpr-year\">1992<\/span><\/span><article class=\"wpr-timeline-entry wpr-left-aligned elementor-repeater-item-cf4472a\" data-item-id=\"elementor-repeater-item-cf4472a\"><div class=\"wpr-timeline-entry-inner\"><div class=\"wpr-main-line-icon wpr-icon\"><\/div><div class=\"wpr-story-info-vertical wpr-data-wrap \"  data-aos=\"fade\" data-aos-left=\"\" data-aos-right=\"\" data-animation-offset=\"150\" data-animation-duration=\"600\"><div class=\"wpr-timeline-content-wrapper\"><div class=\"wpr-content-wrapper\"><div class=\"wpr-title-wrap\"><span class=\"wpr-title\">Fondation de Djoliba Travaux<\/span><\/div><div class=\"wpr-description\"><p>Djoliba environnement est issue de L'association Djoliba Travaux cr\u00e9\u00e9e en 1992, bas\u00e9e \u00e0 Tereli dans la commune de Sangha. Cette association se concentre sur divers travaux de d\u00e9veloppement \u00e9conomique et social, tout en int\u00e9grant des initiatives environnementales.<\/p><\/div><\/div><\/div><\/div>\n\t\t\t\t\t\t<\/div>\n\t\t\t\t<\/article><span class=\"wpr-year-wrap\"><span class=\"wpr-year-label wpr-year\">2012<\/span><\/span><article class=\"wpr-timeline-entry wpr-right-aligned elementor-repeater-item-f66242b\" data-item-id=\"elementor-repeater-item-f66242b\"><div class=\"wpr-timeline-entry-inner\"><div class=\"wpr-main-line-icon wpr-icon\"><\/div><div class=\"wpr-story-info-vertical wpr-data-wrap \"  data-aos=\"fade\" data-aos-left=\"\" data-aos-right=\"\" data-animation-offset=\"150\" data-animation-duration=\"600\"><div class=\"wpr-timeline-content-wrapper\"><div class=\"wpr-content-wrapper\"><div class=\"wpr-title-wrap\"><span class=\"wpr-title\">Cr\u00e9ation de Djoliba Environnement en tant qu&#039;Association<\/span><\/div><div class=\"wpr-description\"><p>En 2012, Djoliba Environnement est cr\u00e9\u00e9e en tant qu'association distincte pour se concentrer sp\u00e9cifiquement sur la gestion du volet environnemental. Cette \u00e9tape marque le d\u00e9but d'une approche d\u00e9di\u00e9e \u00e0 la protection de l'environnement et au d\u00e9veloppement durable dans la r\u00e9gion.<\/p><\/div><\/div><\/div><\/div>\n\t\t\t\t\t\t<\/div>\n\t\t\t\t<\/article><span class=\"wpr-year-wrap\"><span class=\"wpr-year-label wpr-year\">2016<\/span><\/span><article class=\"wpr-timeline-entry wpr-left-aligned elementor-repeater-item-13412e9\" data-item-id=\"elementor-repeater-item-13412e9\"><div class=\"wpr-timeline-entry-inner\"><div class=\"wpr-main-line-icon wpr-icon\"><\/div><div class=\"wpr-story-info-vertical wpr-data-wrap \"  data-aos=\"fade\" data-aos-left=\"\" data-aos-right=\"\" data-animation-offset=\"150\" data-animation-duration=\"600\"><div class=\"wpr-timeline-content-wrapper\"><div class=\"wpr-content-wrapper\"><div class=\"wpr-title-wrap\"><span class=\"wpr-title\">Djoliba Environnement est \u00e9rig\u00e9e en ONG<\/span><\/div><div class=\"wpr-description\"><p>En janvier 2016, Djoliba Environnement est \u00e9rig\u00e9e en Organisation Non Gouvernementale (ONG). Ce changement de statut permet \u00e0 l'organisation de renforcer ses capacit\u00e9s op\u00e9rationnelles et d'\u00e9tendre ses initiatives environnementales pour un impact plus large et plus structur\u00e9.<\/p><\/div><\/div><\/div><\/div>\n\t\t\t\t\t\t<\/div>\n\t\t\t\t<\/article><\/div>    \n\t\t\t<\/div>\t\t\t\t<\/div>\n\t\t\t\t<\/div>\n\t\t\t\t\t<\/div>\n\t\t\t\t<\/div>\n\t\t<div class=\"elementor-element elementor-element-9c88499 e-flex e-con-boxed wpr-particle-no wpr-jarallax-no wpr-parallax-no wpr-sticky-section-no wpr-equal-height-no e-con e-parent\" data-id=\"9c88499\" data-element_type=\"container\" data-e-type=\"container\" data-settings=\"{&quot;background_background&quot;:&quot;classic&quot;}\">\n\t\t\t\t\t<div class=\"e-con-inner\">\n\t\t<div class=\"elementor-element elementor-element-999b4ab e-con-full e-flex wpr-particle-no wpr-jarallax-no wpr-parallax-no wpr-sticky-section-no wpr-equal-height-no e-con e-child\" data-id=\"999b4ab\" data-element_type=\"container\" data-e-type=\"container\" data-settings=\"{&quot;background_background&quot;:&quot;classic&quot;}\">\n\t\t\t\t<div class=\"elementor-element elementor-element-2ae366c elementor-widget elementor-widget-heading\" data-id=\"2ae366c\" data-element_type=\"widget\" data-e-type=\"widget\" data-widget_type=\"heading.default\">\n\t\t\t\t<div class=\"elementor-widget-container\">\n\t\t\t\t\t<h2 class=\"elementor-heading-title elementor-size-default\">Notre strat\u00e9gie d'intervension<\/h2>\t\t\t\t<\/div>\n\t\t\t\t<\/div>\n\t\t\t\t<div class=\"elementor-element elementor-element-7cd4e61 elementor-widget elementor-widget-text-editor\" data-id=\"7cd4e61\" data-element_type=\"widget\" data-e-type=\"widget\" data-widget_type=\"text-editor.default\">\n\t\t\t\t<div class=\"elementor-widget-container\">\n\t\t\t\t\t\t\t\t\t<p>Djoliba Environnement adopte une approche holistique et participative pour promouvoir le d\u00e9veloppement durable dans la r\u00e9gion de Mopti. Notre strat\u00e9gie repose sur la mise en place des comp\u00e9tences n\u00e9cessaires au b\u00e9n\u00e9fice de la population. Nous investissons dans la formation et l&rsquo;\u00e9ducation des communaut\u00e9s locales, en particulier des femmes et des jeunes, pour les doter des connaissances et des outils n\u00e9cessaires \u00e0 la gestion durable des ressources naturelles. Cela inclut des formations sur les pratiques agricoles durables, l&rsquo;apiculture, et la gestion de l&rsquo;eau, afin de renforcer leur r\u00e9silience face aux d\u00e9fis environnementaux. L&rsquo;implication des communaut\u00e9s dans la gestion de leur propre avenir est au c\u0153ur de notre approche. Nous encourageons la participation active des populations Dogon et Peul \u00e0 toutes les \u00e9tapes de nos projets, de la conception \u00e0 l&rsquo;\u00e9valuation. En renfor\u00e7ant les r\u00f4les des femmes et des jeunes, nous favorisons une dynamique de d\u00e9veloppement inclusif et durable. Par ailleurs, nous mettons un accent particulier sur la mobilisation et la valorisation des ressources locales, en exploitant les savoir-faire traditionnels et en int\u00e9grant des innovations modernes. Cette strat\u00e9gie permet de cr\u00e9er des solutions adapt\u00e9es et durables, tout en respectant les cultures et les modes de vie locaux.<\/p>\t\t\t\t\t\t\t\t<\/div>\n\t\t\t\t<\/div>\n\t\t\t\t<div class=\"elementor-element elementor-element-461d63b elementor-widget elementor-widget-spacer\" data-id=\"461d63b\" data-element_type=\"widget\" data-e-type=\"widget\" data-widget_type=\"spacer.default\">\n\t\t\t\t<div class=\"elementor-widget-container\">\n\t\t\t\t\t\t\t<div class=\"elementor-spacer\">\n\t\t\t<div class=\"elementor-spacer-inner\"><\/div>\n\t\t<\/div>\n\t\t\t\t\t\t<\/div>\n\t\t\t\t<\/div>\n\t\t\t\t<\/div>\n\t\t\t\t\t<\/div>\n\t\t\t\t<\/div>\n\t\t<div class=\"elementor-element elementor-element-69138d0 e-flex e-con-boxed wpr-particle-no wpr-jarallax-no wpr-parallax-no wpr-sticky-section-no wpr-equal-height-no e-con e-parent\" data-id=\"69138d0\" data-element_type=\"container\" data-e-type=\"container\" data-settings=\"{&quot;background_background&quot;:&quot;classic&quot;}\">\n\t\t\t\t\t<div class=\"e-con-inner\">\n\t\t<div class=\"elementor-element elementor-element-d2d7bf9 e-con-full e-flex wpr-particle-no wpr-jarallax-no wpr-parallax-no wpr-sticky-section-no wpr-equal-height-no e-con e-child\" data-id=\"d2d7bf9\" data-element_type=\"container\" data-e-type=\"container\">\n\t\t\t\t<div class=\"elementor-element elementor-element-5d2b01a elementor-widget elementor-widget-heading\" data-id=\"5d2b01a\" data-element_type=\"widget\" data-e-type=\"widget\" data-widget_type=\"heading.default\">\n\t\t\t\t<div class=\"elementor-widget-container\">\n\t\t\t\t\t<h2 class=\"elementor-heading-title elementor-size-default\">Notre Mission<\/h2>\t\t\t\t<\/div>\n\t\t\t\t<\/div>\n\t\t\t\t<div class=\"elementor-element elementor-element-4095b00 elementor-widget elementor-widget-text-editor\" data-id=\"4095b00\" data-element_type=\"widget\" data-e-type=\"widget\" data-widget_type=\"text-editor.default\">\n\t\t\t\t<div class=\"elementor-widget-container\">\n\t\t\t\t\t\t\t\t\t<p>Djoliba Environnement s&rsquo;engage \u00e0 prot\u00e9ger l&rsquo;environnement et \u00e0 am\u00e9liorer les conditions de vie des populations locales dans les r\u00e9gions du Mali. Nous mettons en \u0153uvre des pratiques \u00e9cologiquement durables pour lutter contre la d\u00e9sertification et restaurer les \u00e9cosyst\u00e8mes d\u00e9grad\u00e9s. Nos initiatives comprennent la stabilisation des dunes, la r\u00e9g\u00e9n\u00e9ration naturelle assist\u00e9e (RNA), et le reboisement massif. En int\u00e9grant des techniques modernes avec des savoirs traditionnels, nous cherchons \u00e0 cr\u00e9er un \u00e9quilibre harmonieux entre les besoins humains et la protection de la nature. Nous croyons en la capacit\u00e9 des communaut\u00e9s locales \u00e0 g\u00e9rer et prot\u00e9ger leurs ressources naturelles. \u00c0 travers des programmes de formation et de soutien, nous renfor\u00e7ons les comp\u00e9tences et les capacit\u00e9s des populations rurale. Nous les aidons \u00e0 adopter des pratiques agricoles durables, \u00e0 diversifier leurs sources de revenus, et \u00e0 devenir des acteurs cl\u00e9s de la pr\u00e9servation de leur environnement.<\/p>\t\t\t\t\t\t\t\t<\/div>\n\t\t\t\t<\/div>\n\t\t\t\t<\/div>\n\t\t\t\t\t<\/div>\n\t\t\t\t<\/div>\n\t\t<div class=\"elementor-element elementor-element-104e52d e-con-full e-flex wpr-particle-no wpr-jarallax-no wpr-parallax-no wpr-sticky-section-no wpr-equal-height-no e-con e-parent\" data-id=\"104e52d\" data-element_type=\"container\" data-e-type=\"container\">\n\t\t<div class=\"elementor-element elementor-element-e7c417a e-con-full e-flex wpr-particle-no wpr-jarallax-no wpr-parallax-no wpr-sticky-section-no wpr-equal-height-no e-con e-child\" data-id=\"e7c417a\" data-element_type=\"container\" data-e-type=\"container\" data-settings=\"{&quot;background_background&quot;:&quot;classic&quot;}\">\n\t\t<div class=\"elementor-element elementor-element-35be26f e-con-full e-flex wpr-particle-no wpr-jarallax-no wpr-parallax-no wpr-sticky-section-no wpr-equal-height-no e-con e-child\" data-id=\"35be26f\" data-element_type=\"container\" data-e-type=\"container\" data-settings=\"{&quot;background_background&quot;:&quot;classic&quot;}\">\n\t\t\t\t<div class=\"elementor-element elementor-element-7e915b5 elementor-widget elementor-widget-heading\" data-id=\"7e915b5\" data-element_type=\"widget\" data-e-type=\"widget\" data-widget_type=\"heading.default\">\n\t\t\t\t<div class=\"elementor-widget-container\">\n\t\t\t\t\t<h2 class=\"elementor-heading-title elementor-size-default\">Groupes Cibles et Zones d'Intervention<\/h2>\t\t\t\t<\/div>\n\t\t\t\t<\/div>\n\t\t\t\t<div class=\"elementor-element elementor-element-d0ad773 elementor-invisible elementor-widget elementor-widget-text-editor\" data-id=\"d0ad773\" data-element_type=\"widget\" data-e-type=\"widget\" data-settings=\"{&quot;_animation&quot;:&quot;slideInLeft&quot;,&quot;_animation_delay&quot;:100}\" data-widget_type=\"text-editor.default\">\n\t\t\t\t<div class=\"elementor-widget-container\">\n\t\t\t\t\t\t\t\t\t<p>Djoliba Environnement travaille en faveur des femmes, des jeunes et des populations pauvres et vuln\u00e9rables, en ciblant sp\u00e9cifiquement ceux qui sont les plus affect\u00e9s par la d\u00e9sertification et le changement climatique. Nos interventions visent \u00e0 am\u00e9liorer les conditions de vie et \u00e0 renforcer la r\u00e9silience des communaut\u00e9s locales en mettant un accent particulier sur les groupes les plus marginalis\u00e9s.<\/p><p>Nous op\u00e9rons dans 193 villages de la r\u00e9gion de Mopti, couvrant les cercles de Koro, Bankass et Bandiagara, ainsi que dans 85 villages du cercle de Yorosso. Nos actions se concentrent sur 9 communes dans le cercle de Koro, 7 communes dans le cercle de Bankass, 12 communes dans le cercle de Bandiagara, et 7 communes dans le cercle de Yorosso. Ces zones d&rsquo;intervention sont choisies en raison de leur vuln\u00e9rabilit\u00e9 particuli\u00e8re aux effets du changement climatique et de la n\u00e9cessit\u00e9 urgente de mettre en \u0153uvre des solutions durables pour prot\u00e9ger les ressources naturelles et am\u00e9liorer les moyens de subsistance des habitants.<\/p>\t\t\t\t\t\t\t\t<\/div>\n\t\t\t\t<\/div>\n\t\t\t\t<\/div>\n\t\t<div class=\"elementor-element elementor-element-f55528b e-con-full e-flex wpr-particle-no wpr-jarallax-no wpr-parallax-no wpr-sticky-section-no wpr-equal-height-no e-con e-child\" data-id=\"f55528b\" data-element_type=\"container\" data-e-type=\"container\">\n\t\t\t\t<\/div>\n\t\t\t\t<\/div>\n\t\t\t\t<\/div>\n\t\t\t\t<\/div>\n\t\t","protected":false},"excerpt":{"rendered":"<p>Qui sommes Nous Djoliba Environnement Nous sommes une organisation non gouvernementale engag\u00e9e dans la lutte contre la d\u00e9sertification et la promotion du d\u00e9veloppement durable dans la r\u00e9gion de Mopti, au Mali. Depuis notre cr\u00e9ation, nous avons travaill\u00e9 main dans la main avec les communaut\u00e9s locales pour cr\u00e9er un avenir plus vert et plus r\u00e9silient. Historique de Djoliba Environnement D\u00e9couvrez les \u00e9tapes cl\u00e9s de la transformation et de l&rsquo;\u00e9volution de Djoliba Environnement 1992 Fondation de Djoliba Travaux Djoliba environnement est issue de L&rsquo;association Djoliba Travaux cr\u00e9\u00e9e en 1992, bas\u00e9e \u00e0 Tereli dans la commune de Sangha. Cette association se concentre sur divers travaux de d\u00e9veloppement \u00e9conomique et social, tout en int\u00e9grant des initiatives environnementales. 2012 Cr\u00e9ation de Djoliba Environnement en tant qu&#039;Association En 2012, Djoliba Environnement est cr\u00e9\u00e9e en tant qu&rsquo;association distincte pour se concentrer sp\u00e9cifiquement sur la gestion du volet environnemental. Cette \u00e9tape marque le d\u00e9but d&rsquo;une approche d\u00e9di\u00e9e \u00e0 la protection de l&rsquo;environnement et au d\u00e9veloppement durable dans la r\u00e9gion. 2016 Djoliba Environnement est \u00e9rig\u00e9e en ONG En janvier 2016, Djoliba Environnement est \u00e9rig\u00e9e en Organisation Non Gouvernementale (ONG). Ce changement de statut permet \u00e0 l&rsquo;organisation de renforcer ses capacit\u00e9s op\u00e9rationnelles et d&rsquo;\u00e9tendre ses initiatives environnementales pour un impact plus large et plus structur\u00e9. Notre strat\u00e9gie d&rsquo;intervension Djoliba Environnement adopte une approche holistique et participative pour promouvoir le d\u00e9veloppement durable dans la r\u00e9gion de Mopti. Notre strat\u00e9gie repose sur la mise en place des comp\u00e9tences n\u00e9cessaires au b\u00e9n\u00e9fice de la population. Nous investissons dans la formation et l&rsquo;\u00e9ducation des communaut\u00e9s locales, en particulier des femmes et des jeunes, pour les doter des connaissances et des outils n\u00e9cessaires \u00e0 la gestion durable des ressources naturelles. Cela inclut des formations sur les pratiques agricoles durables, l&rsquo;apiculture, et la gestion de l&rsquo;eau, afin de renforcer leur r\u00e9silience face aux d\u00e9fis environnementaux. L&rsquo;implication des communaut\u00e9s dans la gestion de leur propre avenir est au c\u0153ur de notre approche. Nous encourageons la participation active des populations Dogon et Peul \u00e0 toutes les \u00e9tapes de nos projets, de la conception \u00e0 l&rsquo;\u00e9valuation. En renfor\u00e7ant les r\u00f4les des femmes et des jeunes, nous favorisons une dynamique de d\u00e9veloppement inclusif et durable. Par ailleurs, nous mettons un accent particulier sur la mobilisation et la valorisation des ressources locales, en exploitant les savoir-faire traditionnels et en int\u00e9grant des innovations modernes. Cette strat\u00e9gie permet de cr\u00e9er des solutions adapt\u00e9es et durables, tout en respectant les cultures et les modes de vie locaux. Notre Mission Djoliba Environnement s&rsquo;engage \u00e0 prot\u00e9ger l&rsquo;environnement et \u00e0 am\u00e9liorer les conditions de vie des populations locales dans les r\u00e9gions du Mali. Nous mettons en \u0153uvre des pratiques \u00e9cologiquement durables pour lutter contre la d\u00e9sertification et restaurer les \u00e9cosyst\u00e8mes d\u00e9grad\u00e9s. Nos initiatives comprennent la stabilisation des dunes, la r\u00e9g\u00e9n\u00e9ration naturelle assist\u00e9e (RNA), et le reboisement massif. En int\u00e9grant des techniques modernes avec des savoirs traditionnels, nous cherchons \u00e0 cr\u00e9er un \u00e9quilibre harmonieux entre les besoins humains et la protection de la nature. Nous croyons en la capacit\u00e9 des communaut\u00e9s locales \u00e0 g\u00e9rer et prot\u00e9ger leurs ressources naturelles. \u00c0 travers des programmes de formation et de soutien, nous renfor\u00e7ons les comp\u00e9tences et les capacit\u00e9s des populations rurale. Nous les aidons \u00e0 adopter des pratiques agricoles durables, \u00e0 diversifier leurs sources de revenus, et \u00e0 devenir des acteurs cl\u00e9s de la pr\u00e9servation de leur environnement. Groupes Cibles et Zones d&rsquo;Intervention Djoliba Environnement travaille en faveur des femmes, des jeunes et des populations pauvres et vuln\u00e9rables, en ciblant sp\u00e9cifiquement ceux qui sont les plus affect\u00e9s par la d\u00e9sertification et le changement climatique. Nos interventions visent \u00e0 am\u00e9liorer les conditions de vie et \u00e0 renforcer la r\u00e9silience des communaut\u00e9s locales en mettant un accent particulier sur les groupes les plus marginalis\u00e9s. Nous op\u00e9rons dans 193 villages de la r\u00e9gion de Mopti, couvrant les cercles de Koro, Bankass et Bandiagara, ainsi que dans 85 villages du cercle de Yorosso. Nos actions se concentrent sur 9 communes dans le cercle de Koro, 7 communes dans le cercle de Bankass, 12 communes dans le cercle de Bandiagara, et 7 communes dans le cercle de Yorosso. Ces zones d&rsquo;intervention sont choisies en raison de leur vuln\u00e9rabilit\u00e9 particuli\u00e8re aux effets du changement climatique et de la n\u00e9cessit\u00e9 urgente de mettre en \u0153uvre des solutions durables pour prot\u00e9ger les ressources naturelles et am\u00e9liorer les moyens de subsistance des habitants.<\/p>\n","protected":false},"author":1,"featured_media":0,"parent":0,"menu_order":0,"comment_status":"closed","ping_status":"closed","template":"elementor_canvas","meta":{"footnotes":""},"class_list":["post-94","page","type-page","status-publish","hentry"],"_links":{"self":[{"href":"https:\/\/djolibaenvironnement.org\/index.php\/wp-json\/wp\/v2\/pages\/94","targetHints":{"allow":["GET"]}}],"collection":[{"href":"https:\/\/djolibaenvironnement.org\/index.php\/wp-json\/wp\/v2\/pages"}],"about":[{"href":"https:\/\/djolibaenvironnement.org\/index.php\/wp-json\/wp\/v2\/types\/page"}],"author":[{"embeddable":true,"href":"https:\/\/djolibaenvironnement.org\/index.php\/wp-json\/wp\/v2\/users\/1"}],"replies":[{"embeddable":true,"href":"https:\/\/djolibaenvironnement.org\/index.php\/wp-json\/wp\/v2\/comments?post=94"}],"version-history":[{"count":142,"href":"https:\/\/djolibaenvironnement.org\/index.php\/wp-json\/wp\/v2\/pages\/94\/revisions"}],"predecessor-version":[{"id":1592,"href":"https:\/\/djolibaenvironnement.org\/index.php\/wp-json\/wp\/v2\/pages\/94\/revisions\/1592"}],"wp:attachment":[{"href":"https:\/\/djolibaenvironnement.org\/index.php\/wp-json\/wp\/v2\/media?parent=94"}],"curies":[{"name":"wp","href":"https:\/\/api.w.org\/{rel}","templated":true}]}}